{"id":2912,"date":"2023-03-21T19:20:23","date_gmt":"2023-03-21T18:20:23","guid":{"rendered":"https:\/\/www.editions-strategiques.com\/?page_id=2912"},"modified":"2025-04-24T14:42:14","modified_gmt":"2025-04-24T13:42:14","slug":"mentions-legales","status":"publish","type":"page","link":"https:\/\/www.editions-strategiques.com\/index.php\/mentions-legales\/","title":{"rendered":"Mentions l\u00e9gales"},"content":{"rendered":"<h2>Editeur du site<\/h2>\n<p>Le site https:\/\/www.editions-strategiques.com est la propri\u00e9t\u00e9 exclusive de\u00a0la soci\u00e9t\u00e9 SAS\u00a0Relations &amp; Strat\u00e9gie, repr\u00e9sent\u00e9e par Emmanuelle L\u00e9vy-Proven\u00e7al, et\u00a0immatricul\u00e9e au RCS\u00a0de Paris sous le num\u00e9ro\u00a0306 807 454.<\/p>\n<p>Si\u00e8ge social : 59 boulevard Exelmans \u2013 75016 Paris \u2013 France<br \/>\nSIRET : 306 807 454 00104<br \/>\nN\u00b0 TVA : FR44306807454<\/p>\n<p>Directrice de la publication : Emmanuelle L\u00e9vy-Proven\u00e7al<\/p>\n<h2>H\u00e9bergeur du site<\/h2>\n<p>Le pr\u00e9sent site est h\u00e9berg\u00e9 par la soci\u00e9t\u00e9 OVH, dont le si\u00e8ge social est situ\u00e9 au\u00a02, rue Kellermann \u2013\u00a059100 Roubaix \u2013\u00a0France.<\/p>\n<h2>Propri\u00e9t\u00e9 intellectuelle<\/h2>\n<p>La structure g\u00e9n\u00e9rale du site https:\/\/www.editions-strategiques.com, ainsi que les textes, graphiques, sont la propri\u00e9t\u00e9 de la soci\u00e9t\u00e9 Relations &amp; Strat\u00e9gie. Toute repr\u00e9sentation et\/ou reproduction et\/ou exploitation partielle ou totale de ce site sans l\u2019autorisation pr\u00e9alable et par \u00e9crit \u00e0 la soci\u00e9t\u00e9 Relations &amp; Strat\u00e9gie est strictement interdite et serait susceptible de constituer une contrefa\u00e7on au sens des articles L 335-2 et suivants du Code de la propri\u00e9t\u00e9 intellectuelle.<\/p>\n<p>La soci\u00e9t\u00e9 Relations &amp; Strat\u00e9gie\u00a0ne saurait garantir l\u2019exactitude, la compl\u00e9tude, l\u2019actualit\u00e9 des informations diffus\u00e9es sur le site. Les informations de ce site peuvent contenir des inexactitudes techniques ou des erreurs typographiques. Ces informations peuvent \u00eatre p\u00e9riodiquement modifi\u00e9es et les modifications seront incorpor\u00e9es dans les nouvelles \u00e9ditions. La soci\u00e9t\u00e9 Relations &amp; Strat\u00e9gie\u00a0peut, \u00e0 tout moment, sans pr\u00e9avis, apporter des am\u00e9liorations ou des changements aux informations, aux pages\u00a0ou aux services d\u00e9crits sur ce site.<\/p>\n<h2>Liens hypertextes<\/h2>\n<p>La soci\u00e9t\u00e9 Relations &amp; Strat\u00e9gie n\u2019est pas responsable des liens hypertextes pointant vers le pr\u00e9sent site. Les liens hypertextes \u00e9tablis en direction d\u2019autres sites \u00e0 partir de https:\/\/www.editions-strategiques.com ne sauraient, en aucun cas, engager la responsabilit\u00e9 de la soci\u00e9t\u00e9 Relations &amp; Strat\u00e9gie notamment mais de mani\u00e8re non exclusive quant au contenu de ces sites.<\/p>\n<h2>Protection des donn\u00e9es<\/h2>\n<p>Conform\u00e9ment \u00e0 la loi fran\u00e7aise n\u00b078-17 du 6 janvier 1978 modifi\u00e9e relative \u00e0 l\u2019informatique, aux fichiers et aux libert\u00e9s (Loi Informatique et Libert\u00e9s) et les articles 226-13 et suivants du code p\u00e9nal, ainsi qu\u2019au R\u00e8glement (UE) 2016\/679 du Parlement europ\u00e9en et du Conseil du 27 avril 2016 relatif \u00e0 la protection des personnes physiques \u00e0 l\u2019\u00e9gard du traitement des donn\u00e9es \u00e0 caract\u00e8re personnel et \u00e0 la libre circulation de ces donn\u00e9es (RGPD), nous vous communiquons ici des informations sur la mani\u00e8re dont Relations &amp; Strat\u00e9gie collecte, utilise, prot\u00e8ge, conserve, partage et supprime vos donn\u00e9es personnelles.<\/p>\n<h4>Donn\u00e9es collect\u00e9es et finalit\u00e9s de la collecte<\/h4>\n<p>Formulaire de contact\u00a0\u2013 nous utilisons vos informations personnelles pour vous contacter afin de r\u00e9pondre \u00e0 vos questions suite au remplissage de notre formulaire de contact. Cela inclut comme donn\u00e9es : pr\u00e9nom, nom, entreprise, adresse e-mail. Ces informations ne sont pas transf\u00e9r\u00e9es \u00e0 un tiers.<\/p>\n<h4>D\u00e9l\u00e9gu\u00e9 \u00e0 la protection des donn\u00e9es personnelles<\/h4>\n<p>Emmanuelle L\u00e9vy-Proven\u00e7al est le D\u00e9l\u00e9gu\u00e9 \u00e0 la protection des donn\u00e9es pour Relations &amp; Strat\u00e9gie. email : dpo@ed-strategiques.com<\/p>\n<h4>Cookies<\/h4>\n<p>Vous n&rsquo;aimez pas les cookies ? \u00c7a tombe bien, notre site n&rsquo;utilise pas de cookies \ud83d\ude42<\/p>\n<h2>Droit applicable<\/h2>\n<p>Le pr\u00e9sent site est exclusivement r\u00e9gi par le droit fran\u00e7ais et par les conventions internationales applicables en France.<\/p>\n<p>&nbsp;<\/p>\n","protected":false},"excerpt":{"rendered":"<p>Editeur du site Le site https:\/\/www.editions-strategiques.com est la propri\u00e9t\u00e9 exclusive de\u00a0la soci\u00e9t\u00e9 SAS\u00a0Relations &amp; Strat\u00e9gie, repr\u00e9sent\u00e9e par Emmanuelle L\u00e9vy-Proven\u00e7al, et\u00a0immatricul\u00e9e au RCS\u00a0de Paris sous le num\u00e9ro\u00a0306 807 454. Si\u00e8ge social : 59 boulevard Exelmans \u2013 75016 Paris \u2013 France SIRET : 306 807 454 00104 N\u00b0 TVA : FR44306807454 Directrice de la publication : Emmanuelle&#8230;<\/p>\n","protected":false},"author":2,"featured_media":0,"parent":0,"menu_order":0,"comment_status":"closed","ping_status":"closed","template":"","meta":[],"_links":{"self":[{"href":"https:\/\/www.editions-strategiques.com\/index.php\/wp-json\/wp\/v2\/pages\/2912"}],"collection":[{"href":"https:\/\/www.editions-strategiques.com\/index.php\/wp-json\/wp\/v2\/pages"}],"about":[{"href":"https:\/\/www.editions-strategiques.com\/index.php\/wp-json\/wp\/v2\/types\/page"}],"author":[{"embeddable":true,"href":"https:\/\/www.editions-strategiques.com\/index.php\/wp-json\/wp\/v2\/users\/2"}],"replies":[{"embeddable":true,"href":"https:\/\/www.editions-strategiques.com\/index.php\/wp-json\/wp\/v2\/comments?post=2912"}],"version-history":[{"count":12,"href":"https:\/\/www.editions-strategiques.com\/index.php\/wp-json\/wp\/v2\/pages\/2912\/revisions"}],"predecessor-version":[{"id":3004,"href":"https:\/\/www.editions-strategiques.com\/index.php\/wp-json\/wp\/v2\/pages\/2912\/revisions\/3004"}],"wp:attachment":[{"href":"https:\/\/www.editions-strategiques.com\/index.php\/wp-json\/wp\/v2\/media?parent=2912"}],"curies":[{"name":"wp","href":"https:\/\/api.w.org\/{rel}","templated":true}]}}